= -5*c - 7. Let j(r) = -5*d(r) - 6*g(r). Give j(p).
12
Let v(f) be the first derivative of -f**5/24 - f**4/24 - 8*f**3 + 7. Let z(c) be the third derivative of v(c). Let b = 3 + -4. Determine z(b).
4
Let t(w) = 6*w**2 + 4*w - 39. Let i(d) = 5*d**2 + 2*d - 32. Let j(f) = -5*i(f) + 4*t(f). Let y be 3/(-4)*2*-4. Calculate j(y).
4
Let g(h) = -h**3 + 4*h**2 + 6*h + 4. Let j(c) = -5*c**2 + 13*c + 2*c**3 + 5*c**2 + 5 - 12*c. Let d be j(0). Determine g(d).
9
Suppose 15*c - 1 = -151. Let b be 168/20 + (-6)/c. Let l(z) = z**2 - 8*z - 8. Give l(b).
1
Let z(u) = u**2 - 11*u + 7. Let p(f) = -2*f**2 + 19*f - 14. Let a(g) = -3*p(g) - 5*z(g). Give a(7).
42
Let y be (4/(-5))/((-1)/15). Suppose a = -a + y. Let l(j) = -j**3 + 6*j**2 - 4. Determine l(a).
-4
Suppose 10*j = 3*j. Let f(x) = 2 + j + x - 4*x + 2*x. Calculate f(0).
2
Suppose 6 + 12 = -2*q. Let y(t) = -t. Determine y(q).
9
Let p(h) = 5*h**2 + 25*h - 5. Let v be p(-5). Let w(d) = -d**3 - 5*d**2 - d. Determine w(v).
5
Suppose 15 = -16*p + 13*p + t, -4*t = 3*p. Let i(c) = -c**3 - 5*c**2 + 3. Calculate i(p).
-13
Let z(f) = -6*f + 3. Let w(g) = 2*g - 1. Let c(t) = -11*w(t) - 4*z(t). Let m be (-2 + (-10)/(-2))*-1. Give c(m).
-7
Suppose 652*g = 656*g - 44. Let p(r) = -r**3 + 11*r**2 - 2*r + 22. Give p(g).
0
Let n(a) be the third derivative of -a**6/120 - a**5/10 - a**4/8 + a**3 - 359*a**2. Give n(-5).
-4
Let r(o) be the first derivative of -10 + 5*o - 1/2*o**2. Calculate r(8).
-3
Let t = 16 - 22. Let f(m) = m**3 + 5*m**2 - 8*m + 3. Determine f(t).
15
Let y(d) = -d**3 + d - 2. Suppose 0 = -5*i - 78 + 78. Determine y(i).
-2
Let n be (4/((-48)/63))/(2/(-8)). Suppose -14*t + 11*t - n = 0. Let d(z) be the first derivative of -z**4/4 - 7*z**3/3 + 10*z - 1. Calculate d(t).
10
Let i be 2/(-9) - 180/(-81). Let k(n) = -9 + 9*n - 3*n**2 + 0*n**2 + 0*n**i + 4*n**2. Let b be k(-10). Let r(u) = 7*u**3 - u + 1. What is r(b)?
7
Let k(h) = -h. Let f(i) = 2*i**2 - 5*i - 1. Let w(n) = f(n) - 2*k(n). Let o = 45 - 42. Determine w(o).
8
Let n(m) be the first derivative of -m**4/4 - 2*m**3/3 - 3*m**2/2 + 17*m - 16. Let v(h) be the first derivative of n(h). Determine v(-2).
-7
Let h(z) = z**3 + 14*z**2 + 25*z + 9. Let t be h(-12). Suppose -2*r + 8 = 2*r. Let w(j) = -2*j**2 - 4 + 4*j**r + j**3 - 3*j + 0*j**3. Calculate w(t).
-4
Let p(t) = -3*t - 1. Let u be (-1 + (-21)/(-5))*255/(-34). Let n be (-6)/21 - u/(-14). Determine p(n).
5
Suppose -4*o + 30 - 22 = 0. Let k be -2*(33/(-6) + o). Let h(w) = -w - 7. Calculate h(k).
-14
Let k = -59 - -82. Let p = k - 21. Let a(w) = w**3 - 2*w**2 - 3*w + 1. Calculate a(p).
-5
Let q(y) = -8*y**3 - y**2 + y - 1. Suppose 4*l - h = 36 + 58, 0 = 3*l - 4*h - 64. Let o = -19 + l. Suppose -o*r = -8*r + 3. Determine q(r).
-9
Let x(c) = -5*c + 9. Let r be (0/2 + 5)/1. Let f(s) = -6*s + 8. Let m(z) = r*x(z) - 6*f(z). Determine m(2).
19
Suppose -n + 6*c = 3*c - 5, 5*n - 3*c = 25. Suppose 9 = n*z - 6. Let v(k) = k**2 + 3 - 10 + 3*k**3 - 3*k**z + k - k**3. Calculate v(0).
-7
Let z(t) = -3*t - 15. Let u = -1023 + 1017. Give z(u).
3
Suppose -4*a + 3*a + 8 = 0. Suppose 9*m + 5 = a*m. Let q(i) = -i**2 - 3*i + 1. Give q(m).
-9
Let q(t) = 84 + 4*t - t - 91 - 12*t. Calculate q(-5).
38
Let i(v) = 4*v + 24. Suppose 17*n + 55 = -98. Calculate i(n).
-12
Let i(n) = -14*n**2 + 6*n - 11. Let j(u) = 5*u**2 - 2*u + 4. Let c(m) = 6*i(m) + 17*j(m). Calculate c(3).
17
Let p(g) be the second derivative of 27*g + 2*g**2 + 7/6*g**3 + 1/12*g**4 + 0. Suppose 5*b = -33 + 3. Calculate p(b).
-2
Suppose -9 = 3*p + 6*n - 3*n, -12 = 4*n. Let i(d) be the third derivative of d**6/120 + d**5/60 - d**4/24 + 3*d**3/2 - 3*d**2. Give i(p).
9
Let c(h) = 10*h - 3. Let d be c(1). Suppose 2*v = d*v - 10. Let w(p) = -p. Give w(v).
-2
Let n(m) be the second derivative of -m**5/20 + m**4/4 - m**3/6 - 62*m - 1. Give n(1).
1
Let b(j) = -5*j**2 + 5*j - 7. Let a(g) = g**2 - g + 1. Let c(t) = 6*a(t) + b(t). Suppose d + 1 = -s, -d = 4*d - 3*s - 3. Determine c(d).
-1
Let o(v) = 16*v**2 - 20*v - 4. Let m(t) = -11*t**2 + 14*t + 3. Let a(d) = -7*m(d) - 5*o(d). What is a(2)?
-9
Let k(p) = 2*p - 5*p - 2*p**2 + p**2 + 1 - 5. Suppose 4*d = -2*r + 2, r - 23 = 5*r - d. Calculate k(r).
-14
Let y(c) = -1. Let d = -46 + 45. Let f(t) = -3*t - 6. Let m(l) = d*f(l) + 6*y(l). Give m(4).
12
Let w(g) = 3*g + 1. Let l be w(3). Suppose 0 = -5*b + 3*b + l. Let n(p) = -p**2 + 5*p + 2. Determine n(b).
2
Let p = -17 - -57. Suppose 4*k + k = p. Let f(r) = r - 3. Determine f(k).
5
Let x(m) = 4*m**3 + m**2 - 11*m - 1. Let t(u) = -u**3 + u**2 + 2*u - 1. Let k(z) = -3*t(z) - x(z). Let i be (-18)/(-12)*(-10)/3. Give k(i).
4
Let r(d) = -3*d - 7. Let z be r(4). Let f = 21 + z. Let q(c) = -3*c**3 + 4*c**3 - 1 + 3*c - 5*c. What is q(f)?
3
Let m(g) = -g**2 - 10*g + 13. Let h be 19/(-95) + (-1 - (-92)/10). Let k be 2/(h/10)*-4. Give m(k).
13
Let j(c) = -7*c**2 + 5*c + 4 - 5*c**2 + 13*c**2. Let a(y) = y**3 - y**2 - 4. Let s be -4 + (0 - -3) - -1. Let t be a(s). Calculate j(t).
0
Let n(s) = s**3 - 5*s**2 - 26*s + 9. Suppose 17*t - 56 = 80. What is n(t)?
-7
Let c(g) be the second derivative of -g**8/6720 + g**7/252 - g**6/90 - 11*g**5/120 + 5*g**4/12 + 11*g. Let k(m) be the third derivative of c(m). Give k(9).
-2
Let z(a) = 3*a**3 - 6*a + 4 + 28*a**2 - 108*a**2 + 37*a**2 - 2*a**3 + 39*a**2. Give z(5).
-1
Let w = -20 - -20. Let f be (2 - w) + 0/3. Let y(j) be the third derivative of j**4/24 - j**3/6 - j**2. Give y(f).
1
Suppose -5*x = 2*s - 1 - 1, -3 = x - 3*s. Suppose 4*t - 120 + 0 = 0. Suppose -5*h + x*h = -t. Let j(q) = q**3 - 6*q**2 + 2. Determine j(h).
2
Let m be -27 - (0 + -4 + 2). Let j = m + 30. Let n(y) = y**3 - 4*y**2 - 6*y + 3. Give n(j).
-2
Let f(q) be the first derivative of -q**7/840 + q**6/72 - q**5/40 + q**4/4 - 19*q**3/3 - 17. Let b(r) be the third derivative of f(r). Give b(4).
10
Let d = 222 - 222. Let o(m) be the third derivative of -3*m**2 + 0 - 1/120*m**6 - 1/2*m**3 + d*m - 1/30*m**5 - 1/6*m**4. Give o(-2).
5
Let o(d) = 7*d**3 - 6*d. Let x(l) = -12*l**3 + 13*l. Let n(r) = -r**3 - 14*r**2 + r + 1. Let h be n(-14). Let v(a) = h*o(a) - 6*x(a). Give v(1).
-19
Let s(q) = 3*q + 1 + 4*q - 4*q - q**2. Suppose c = 5*r + 13, -21*r = -23*r - 2*c - 10. Determine s(r).
-17
Let s(i) = i**2 + 4*i - 1. Let c(o) = 4*o - 1. Let m(d) = -c(d) + 2*s(d). Suppose -2*j + 1 = 7. Give m(j).
5
Let r(g) be the second derivative of g**5/20 + g**4/6 - g**3/2 + g**2/2 + 2*g + 24. Calculate r(-3).
1
Let o(h) = h**2 - h - 2. Let i(l) = -l**2 - 3*l - 3. Let g be i(-3). Suppose w = 4*f + 19, 2*w - 5*f = -3*f + 20. Let p be -2 + (w - 2) + g. What is o(p)?
-2
Suppose 2*w + 16 - 3 = -5*d, -w - 4*d = 11. Let a(z) = 2 - 3*z - 3 - w + z. Let m be a(-3). Let s(b) = -2*b**2 + 7*b - 5. Calculate s(m).
-9
Let r(d) = -3*d**2 + 4*d + 6*d**3 - 6 - 2*d**3 - 7*d**2 - 3*d**3 + 4*d**2. What is r(6)?
18
Let q(y) = -2*y**3 + 6*y**2 - 5*y - 3. Let h(o) = -3*o**3 + 11*o**2 - 9*o - 6. Let b = 25 - 28. Let n(j) = b*h(j) + 5*q(j). What is n(-3)?
-3
Let g(r) = -4*r**2 - r. Let l(i) = -i**2 + 11*i + 11. Let j be -3*(1*-3 + -7 + 6). Let y be l(j). What is g(y)?
-3
Let j(p) = p**3 - p**2 - p. Let l(i) = -7*i**3 + 9*i**2 + 7*i + 5. Let r be 1/(-3) + (-1)/((-12)/76). Let m(y) = r*j(y) + l(y). What is m(4)?
-7
Let y(k) = k**3 + 6*k**2 + 2*k + 5. Let a = -22 + 27. Suppose -b - 20 = -a*b, -4*b - 10 = 5*s. What is y(s)?
-7
Let m(f) = -2*f - 5. Let a be m(-4). Let c(i) = -698*i**2 - 1 + 698*i**2 - 17*i**a. Give c(1).
-18
Let q(w) be the first derivative of -2*w**3/3 - 15*w**2/2 - 3*w + 100. Determine q(-7).
4
Let k(p) = -7 - 4*p - 1 + 4*p + 2*p. Determine k(-9).
-26
Let u(a) = a**2 - 13*a - 21. Suppose 3*d - b + 12 = 50, 48 = 4*d - 2*b. What is u(d)?
-7
Suppose -6*x = -2*x - 20. Let b(a) = -2*a + 0 - x + a**3 + 3 - a - 2*a**2. What is b(3)?
-2
Let l(a) = a**2 + 2*a + 3. Let x be l(-2). Let p(k) = 0*k**3 + 5*k - 3*k**2 + x*k**3 + 1 - 3*k**3 - k**3. Let i be (-2 + 3/1)/((-8)/32). Determine p(i).
-3
Let r(p) = -p**3 - 3*p**2 - 4*p - 2. Let s be r(-2). Let m(i) = s*i**2 + 0 + 2*i**2 + 2*i**2 + 1. Suppose 20 = -4*c, -5*y - 3*c - 15 = -c. Determine m(y).
7
Let n(w) = -5*w**3 + 2*w**2 - 5*w + 11. Let l(u) = -14*u**3 + 32 + 7*u + 5*u**2 - 37*u + 15*u. Let q(t) = 6*l(t) - 17*n(t). What is q(4)?
-15
Let q(l) = -3*l - 270 - l**2 - 263 + 541 + 6*l + l. Let